{"id":9,"date":"2017-04-28T15:04:18","date_gmt":"2017-04-28T13:04:18","guid":{"rendered":"http:\/\/www.slupinska.pl\/?page_id=9"},"modified":"2025-10-15T14:54:47","modified_gmt":"2025-10-15T12:54:47","slug":"kontakt","status":"publish","type":"page","link":"http:\/\/www.slupinska.pl\/index.php\/kontakt\/","title":{"rendered":"Um\u00f3w wizyt\u0119"},"content":{"rendered":"\n<h2 class=\"wp-block-heading has-text-align-center\">Cennik<\/h2>\n\n\n\n<div class=\"wp-block-columns is-layout-flex wp-container-core-columns-is-layout-9d6595d7 wp-block-columns-is-layout-flex\">\n<div class=\"wp-block-column is-layout-flow wp-block-column-is-layout-flow\" style=\"flex-basis:100%\">\n<figure class=\"wp-block-table\"><table><tbody><tr><td><strong>Lokalizacja<\/strong><\/td><td class=\"has-text-align-center\" data-align=\"center\"><strong>Kiedy<\/strong><\/td><td class=\"has-text-align-center\" data-align=\"center\"><strong>Czas trwania wizyty<\/strong><\/td><td class=\"has-text-align-center\" data-align=\"center\"><strong>Cena<\/strong><\/td><\/tr><tr><td><a href=\"https:\/\/www.znanylekarz.pl\/monika-slupinska\/fizjoterapeuta\/krakow#addresses-section\">Ma\u0142opolskie Centrum Zdrowia<\/a>, ul. Weissa 7<\/td><td class=\"has-text-align-center\" data-align=\"center\">Poniedzia\u0142ek &#8211; Pi\u0105tek<\/td><td class=\"has-text-align-center\" data-align=\"center\">50-55 min.<\/td><td class=\"has-text-align-center\" data-align=\"center\">200 z\u0142<\/td><\/tr><tr><td><a href=\"https:\/\/artdent.krakow.pl\">Artdent Krak\u00f3w<\/a>, ul. Opolska 37<\/td><td class=\"has-text-align-center\" data-align=\"center\">Sobota (8-14)<\/td><td class=\"has-text-align-center\" data-align=\"center\">50-55 min.<\/td><td class=\"has-text-align-center\" data-align=\"center\">150-160 z\u0142<\/td><\/tr><\/tbody><\/table><\/figure>\n<\/div>\n<\/div>\n\n\n\n<p><\/p>\n\n\n\n<p><\/p>\n\n\n\n<p><\/p>\n\n\n\n<h2 class=\"wp-block-heading has-text-align-center\">Jak dojecha\u0107?<\/h2>\n\n\n\n<p class=\"has-text-align-left\"><\/p>\n\n\n\n<br><br><p class=\"has-text-align-left\">AZORY &#8211;\u00a0<a href=\"https:\/\/mczdrowia.pl\">Ma\u0142opolskie Centrum Zdrowia<\/a>, Wojciecha Weissa 7, Krak\u00f3w<\/p>\n\n\n\n<p class=\"has-text-align-left\">Zapisy&nbsp;<a href=\"https:\/\/www.znanylekarz.pl\/monika-slupinska\/fizjoterapeuta\/krakow#&amp;tab=profile-info\">znanylekarz&nbsp;<\/a>lub<a href=\"https:\/\/mczdrowia.pl\/kontakt\">&nbsp;kontakt telefoniczny<\/a><\/p>\n\n\n\n<p><iframe src=\"https:\/\/www.google.com\/maps\/embed?pb=!1m14!1m8!1m3!1d10240.381984802323!2d19.9079521!3d50.0844989!3m2!1i1024!2i768!4f13.1!3m3!1m2!1s0x47165b781e0b2b43%3A0x1994bd68e21078e2!2sMa%C5%82opolskie%20Centrum%20Zdrowia!5e0!3m2!1spl!2spl!4v1699998589971!5m2!1spl!2spl\" width=\"600\" height=\"400\" style=\"border:0;\" allowfullscreen=\"\" loading=\"lazy\" referrerpolicy=\"no-referrer-when-downgrade\"><\/iframe><\/p>\n\n\n\n<br><br><p class=\"has-text-align-left\">PR\u0104DNIK BIA\u0141Y &#8211; <a href=\"https:\/\/artdent.krakow.pl\/kontakt\/\">Artdent<\/a>, ul. Opolska 37, Krak\u00f3w <\/p>\n\n\n\n<p class=\"has-text-align-left\">Zapisy&nbsp;<a href=\"https:\/\/artdent.krakow.pl\/kontakt\/\">kontakt telefoniczny<\/a><\/p>\n\n\n\n<p><iframe src=\"https:\/\/www.google.com\/maps\/embed?pb=!1m14!1m8!1m3!1d10239.025440771444!2d19.9265522!3d50.0908483!3m2!1i1024!2i768!4f13.1!3m3!1m2!1s0x47165a4550582e0d%3A0x209b657d51d46adb!2sArtDent!5e0!3m2!1spl!2spl!4v1699998734939!5m2!1spl!2spl\" width=\"600\" height=\"400\" style=\"border:0;\" allowfullscreen=\"\" loading=\"lazy\" referrerpolicy=\"no-referrer-when-downgrade\"><\/iframe><\/p>\n\n\n\n<br><br><br><p class=\"has-text-align-center\"><span class=\"s1\">Mo\u017cesz te\u017c skorzysta\u0107 z formularza kontaktowego poni\u017cej<\/span>:<\/p>\n\n\n\n<p class=\"has-text-align-center\">\n<div class=\"wpcf7 no-js\" id=\"wpcf7-f540-o1\" lang=\"pl-PL\" dir=\"ltr\" data-wpcf7-id=\"540\">\n<div class=\"screen-reader-response\"><p role=\"status\" aria-live=\"polite\" aria-atomic=\"true\"><\/p> <ul><\/ul><\/div>\n<form action=\"\/index.php\/wp-json\/wp\/v2\/pages\/9#wpcf7-f540-o1\" method=\"post\" class=\"wpcf7-form init\" aria-label=\"Formularz kontaktowy\" novalidate=\"novalidate\" data-status=\"init\">\n<fieldset class=\"hidden-fields-container\"><input type=\"hidden\" name=\"_wpcf7\" value=\"540\" \/><input type=\"hidden\" name=\"_wpcf7_version\" value=\"6.1.5\" \/><input type=\"hidden\" name=\"_wpcf7_locale\" value=\"pl_PL\" \/><input type=\"hidden\" name=\"_wpcf7_unit_tag\" value=\"wpcf7-f540-o1\" \/><input type=\"hidden\" name=\"_wpcf7_container_post\" value=\"0\" \/><input type=\"hidden\" name=\"_wpcf7_posted_data_hash\" value=\"\" \/>\n<\/fieldset>\n<p><label> Imi\u0119 i nazwisko (wymagane)<br \/>\n<span class=\"wpcf7-form-control-wrap\" data-name=\"your-name\"><input size=\"40\" maxlength=\"400\" class=\"wpcf7-form-control wpcf7-text wpcf7-validates-as-required\" aria-required=\"true\" aria-invalid=\"false\" value=\"\" type=\"text\" name=\"your-name\" \/><\/span> <\/label>\n<\/p>\n<p><label> Adres email (wymagane)<br \/>\n<span class=\"wpcf7-form-control-wrap\" data-name=\"your-email\"><input size=\"40\" maxlength=\"400\" class=\"wpcf7-form-control wpcf7-email wpcf7-validates-as-required wpcf7-text wpcf7-validates-as-email\" aria-required=\"true\" aria-invalid=\"false\" value=\"\" type=\"email\" name=\"your-email\" \/><\/span> <\/label>\n<\/p>\n<p><label> Temat<br \/>\n<span class=\"wpcf7-form-control-wrap\" data-name=\"your-subject\"><input size=\"40\" maxlength=\"400\" class=\"wpcf7-form-control wpcf7-text\" aria-invalid=\"false\" value=\"\" type=\"text\" name=\"your-subject\" \/><\/span> <\/label>\n<\/p>\n<p><label> Tre\u015b\u0107 wiadomo\u015bci<br \/>\n<span class=\"wpcf7-form-control-wrap\" data-name=\"your-message\"><textarea cols=\"40\" rows=\"10\" maxlength=\"2000\" class=\"wpcf7-form-control wpcf7-textarea\" aria-invalid=\"false\" name=\"your-message\"><\/textarea><\/span> <\/label>\n<\/p>\n<p><input class=\"wpcf7-form-control wpcf7-submit has-spinner\" type=\"submit\" value=\"Wy\u015blij\" \/>\n<\/p><div class=\"wpcf7-response-output\" aria-hidden=\"true\"><\/div>\n<\/form>\n<\/div>\n<\/p>\n\n\n\n<h6 class=\"wp-block-heading\">&nbsp;<\/h6>\n\n\n\n<p><\/p>\n","protected":false},"excerpt":{"rendered":"<p>Cennik Lokalizacja Kiedy Czas trwania wizyty Cena Ma\u0142opolskie Centrum Zdrowia, ul. Weissa 7 Poniedzia\u0142ek &#8211; Pi\u0105tek 50-55 min. 200 z\u0142 Artdent Krak\u00f3w, ul. Opolska 37 Sobota (8-14) 50-55 min. 150-160 z\u0142 Jak dojecha\u0107? AZORY &#8211;\u00a0Ma\u0142opolskie &hellip;<\/p>\n","protected":false},"author":1,"featured_media":0,"parent":0,"menu_order":0,"comment_status":"closed","ping_status":"closed","template":"","meta":{"footnotes":""},"class_list":["post-9","page","type-page","status-publish","hentry"],"_links":{"self":[{"href":"http:\/\/www.slupinska.pl\/index.php\/wp-json\/wp\/v2\/pages\/9","targetHints":{"allow":["GET"]}}],"collection":[{"href":"http:\/\/www.slupinska.pl\/index.php\/wp-json\/wp\/v2\/pages"}],"about":[{"href":"http:\/\/www.slupinska.pl\/index.php\/wp-json\/wp\/v2\/types\/page"}],"author":[{"embeddable":true,"href":"http:\/\/www.slupinska.pl\/index.php\/wp-json\/wp\/v2\/users\/1"}],"replies":[{"embeddable":true,"href":"http:\/\/www.slupinska.pl\/index.php\/wp-json\/wp\/v2\/comments?post=9"}],"version-history":[{"count":79,"href":"http:\/\/www.slupinska.pl\/index.php\/wp-json\/wp\/v2\/pages\/9\/revisions"}],"predecessor-version":[{"id":864,"href":"http:\/\/www.slupinska.pl\/index.php\/wp-json\/wp\/v2\/pages\/9\/revisions\/864"}],"wp:attachment":[{"href":"http:\/\/www.slupinska.pl\/index.php\/wp-json\/wp\/v2\/media?parent=9"}],"curies":[{"name":"wp","href":"https:\/\/api.w.org\/{rel}","templated":true}]}}